{"id":58,"date":"2016-05-17T02:08:49","date_gmt":"2016-05-17T05:08:49","guid":{"rendered":"http:\/\/www.jaideresbell.com.br\/site\/?page_id=58"},"modified":"2016-06-02T11:52:02","modified_gmt":"2016-06-02T14:52:02","slug":"projeto-itinerante","status":"publish","type":"page","link":"http:\/\/www.jaideresbell.com.br\/site\/projeto-itinerante\/","title":{"rendered":"Projeto Itinerante"},"content":{"rendered":"<p style=\"text-align: justify;\"><strong>ITINER\u00c2NCIA RORAIMA <\/strong><strong>\u2013 ARTE E VIDA,<br \/>\nUMA JORNADA AO BRASIL DE CASA EM CASA.<\/strong><\/p>\n<p style=\"text-align: justify;\"><strong>CONTATO, COMUNICA\u00c7\u00c3O, ARTE E CULTURA IND\u00cdGENA DA AMAZ\u00d4NIA EM MOVIMENTO.<\/strong><\/p>\n<p style=\"text-align: justify;\"><strong><a href=\"http:\/\/www.jaideresbell.com.br\/site\/sobre-o-artista\/\">ARTISTA \u2013 JAIDER ESBELL<\/a> \u2013 \u00edndio makuxi de Roraima<\/strong><\/p>\n<p style=\"text-align: justify;\"><strong>OBJETIVOS GERAIS<\/strong><\/p>\n<ul style=\"text-align: justify;\">\n<li>Cria\u00e7\u00e3o e ocupa\u00e7\u00e3o de espa\u00e7os com forma\u00e7\u00e3o de plateia, debates em viv\u00eancias \u2013 o local no global, transtemas e a ideia de limites e fronteiras;<\/li>\n<li>Integra\u00e7\u00e3o de culturas milenares com a contemporaneidade \u2013 exposi\u00e7\u00f5es de arte ind\u00edgena contempor\u00e2nea, Amaz\u00f4nia, indiv\u00edduo, saberes, linguagens, tecnologias, ci\u00eancias, di\u00e1logos e identidades;<\/li>\n<li>Cruzada ao Brasil por cada estado \u2013 estrat\u00e9gias, contato direto com povos tradicionais, universidades federais, estaduais, escolas e comunidades alternativas, m\u00eddias, cena urbana e trocas.<\/li>\n<\/ul>\n<p style=\"text-align: justify;\"><strong>\u00a0METODOLOGIAS<\/strong><\/p>\n<p style=\"text-align: justify;\">O Trabalho pode ser fruto de provoca\u00e7\u00e3o. O Artista Jaider Esbell percorre todas os estados brasileiros, trabalhando e vivendo socialmente as m\u00faltiplas dimens\u00f5es da arte. Ao longo do percurso, espera encontrar uma rede de solidariedade e solo f\u00e9rtil para a interatividade cultural construtiva. Na viagem experimental, o artista espera alcan\u00e7ar apoio humano, log\u00edstico e estrutural em todo o territ\u00f3rio brasileiro. A proposta aut\u00f4noma requer hospedagem em casa de fam\u00edlias brasileiras, socializa\u00e7\u00e3o de alimentos, trocas. A jornada come\u00e7a no dia 1<sup>0<\/sup> de julho de 2016, pelo estado do Maranh\u00e3o. A agenda deve ser flex\u00edvel, din\u00e2mica e obedecer a um sentido temporal e geogr\u00e1fico. Do litoral, percorre as terras do sul, sudeste e desce pelo interior do Brasil central, retornando \u00e0 Amaz\u00f4nia. O artista leva uma exposi\u00e7\u00e3o f\u00edsica de sua autoria; cole\u00e7\u00e3o de 16 obras de arte intitulada <em>IT WAS AMAZON!<\/em> \u2013 (<em>ERA UMA VEZ AMAZ\u00d4NIA!<\/em>). A exposi\u00e7\u00e3o \u00e9 parte fundamental das abordagens, bem como a leitura comentada do texto <em>EST\u00d3RIA PRA BOI DORMIR<\/em> (fotos e texto anexos na \u00faltima p\u00e1gina).<\/p>\n<p style=\"text-align: justify;\"><strong>PRODUTOS POSS\u00cdVEIS<\/strong><\/p>\n<p style=\"text-align: justify;\">Esta viv\u00eancia n\u00e3o tem financiamento direto de qualquer entidade ou empresa. Essa viv\u00eancia n\u00e3o \u00e9 ci\u00eancia, n\u00e3o \u00e9 pesquisa de nenhuma forma. \u00c9 imposs\u00edvel quantificar os produtos destas a\u00e7\u00f5es vivenciais. O artista tem compromisso direto com a produ\u00e7\u00e3o de uma obra liter\u00e1ria (j\u00e1 em curso), produ\u00e7\u00e3o de v\u00eddeos, fotos, coleta de depoimentos volunt\u00e1rios com exibi\u00e7\u00e3o instant\u00e2nea na internet por meio de diversas m\u00eddias (sites, blogues, <em>links<\/em> com programas de r\u00e1dio e canais de TV).<\/p>\n<p style=\"text-align: justify;\"><strong>SOBRE A EXPOSI\u00c7\u00c3O ITINERANTE <em>IT WAS AMAZON!<\/em><\/strong><\/p>\n<p style=\"text-align: justify;\">A exposi\u00e7\u00e3o do artista ind\u00edgena Jaider Esbell, do Povo Makuxi, apresenta 16 obras inspiradas nos horrores que acontecem nesse exato momento na Pan-Amaz\u00f4nia. Como algo recorrente no cotidiano, ficando tudo sujeito a algo comum, normal, o artista pede que a arte n\u00e3o deixe isso banal.<\/p>\n<p style=\"text-align: justify;\">As obras revelam em preto e branco o impacto que deve causar em n\u00f3s usos e abusos da natureza, na natureza e na condi\u00e7\u00e3o humana como parte integral da paisagem do lugar.<\/p>\n<p style=\"text-align: justify;\">A explora\u00e7\u00e3o da pessoa, o alto impacto na vida selvagem, os contrabandos e desmandos que tornam a maior floresta tropical do mundo um palco nada desej\u00e1vel.<br \/>\n\u00c9 a primeira vez que o artista ind\u00edgena apresenta uma cole\u00e7\u00e3o t\u00e3o impactante e necess\u00e1ria. A ocasi\u00e3o n\u00e3o \u00e9 menos importante; olhar com outros olhares as realidades da qual fazemos parte \u00e9 uma das propostas do movimento que refor\u00e7a todos os esfor\u00e7os de incluir na grande pauta demandas urgentes para os povos nativos, seu habitat e o grande mundo como uno ambiente coletivo.<\/p>\n<p>&nbsp;<\/p>\n\t<div class=\"quickshare-container\">\r\n\t<ul class=\"quickshare-genericons monochrome quickshare-effect-spin quickshare-effect-expand\">\r\n\t\t<li class=\"quickshare-share\">Compartilhe:<\/li> \r\n\t\t<li><a href=\"https:\/\/facebook.com\/sharer.php?u=http%3A%2F%2Fwww.jaideresbell.com.br%2Fsite%2Fprojeto-itinerante%2F&amp;t=Projeto+Itinerante+<+JAIDER+ESBELL\" target=\"_blank\" title=\"Share on Facebook\"><span class=\"quickshare-facebook\">Facebook<\/span><\/a><\/li>\t\t<li><a href=\"https:\/\/twitter.com\/intent\/tweet?url=http%3A%2F%2Fwww.jaideresbell.com.br%2Fsite%2Fprojeto-itinerante%2F&amp;text=Projeto+Itinerante+<+JAIDER+ESBELL\" target=\"_blank\" title=\"Share on Twitter\"><span class=\"quickshare-twitter\">Twitter<\/span><\/a><\/li>\t\t\t\t<li><a href=\"http:\/\/linkedin.com\/shareArticle?mini=true&amp;url=http%3A%2F%2Fwww.jaideresbell.com.br%2Fsite%2Fprojeto-itinerante%2F&amp;title=Projeto+Itinerante&amp;source=JAIDER+ESBELL&amp;summary=ITINER%C3%82NCIA+RORAIMA+%E2%80%93+ARTE+E+VIDA%2C+UMA+JORNADA+AO+BRASIL+DE+CASA+EM+CASA.+CONTATO%2C+COMUNICA%C3%87%C3%83O%2C+ARTE+E+CULTURA+IND%C3%8DGENA+DA+AMAZ%C3%94NIA+EM+MOVIMENTO.+ARTISTA+%E2%80%93+JAIDER+ESBELL+%E2%80%93+%C3%ADndio+makuxi+de+Roraima+OBJETIVOS+GERAIS+Cria%C3%A7%C3%A3o+e+ocupa%C3%A7%C3%A3o+de+espa%C3%A7os%26hellip%3B\" title=\"Share on Linkedin\" target=\"_blank\"><span class=\"quickshare-linkedin\">Linkedin<\/span><\/a><\/li>\t\t<li><a href=\"https:\/\/plus.google.com\/share?url=http%3A%2F%2Fwww.jaideresbell.com.br%2Fsite%2Fprojeto-itinerante%2F\" target=\"_blank\" title=\"Share on Google+\"><span class=\"quickshare-googleplus\">Google+<\/span><\/a><\/li>\t\t<li><a href=\"http:\/\/tumblr.com\/share\/link?url=http%3A%2F%2Fwww.jaideresbell.com.br%2Fsite%2Fprojeto-itinerante%2F&amp;name=Projeto+Itinerante+<+JAIDER+ESBELL&amp;description=ITINER%C3%82NCIA+RORAIMA+%E2%80%93+ARTE+E+VIDA%2C+UMA+JORNADA+AO+BRASIL+DE+CASA+EM+CASA.+CONTATO%2C+COMUNICA%C3%87%C3%83O%2C+ARTE+E+CULTURA+IND%C3%8DGENA+DA+AMAZ%C3%94NIA+EM+MOVIMENTO.+ARTISTA+%E2%80%93+JAIDER+ESBELL+%E2%80%93+%C3%ADndio+makuxi+de+Roraima+OBJETIVOS+GERAIS+Cria%C3%A7%C3%A3o+e+ocupa%C3%A7%C3%A3o+de+espa%C3%A7os%26hellip%3B\" title=\"Share on Tumblr\" target=\"_blank\"><span class=\"quickshare-tumblr\">Tumblr<\/span><\/a><\/li>\t\t<li><a href=\"http:\/\/reddit.com\/submit?url=http%3A%2F%2Fwww.jaideresbell.com.br%2Fsite%2Fprojeto-itinerante%2F&amp;title=Projeto+Itinerante+<+JAIDER+ESBELL\" title=\"Submit to Reddit\" target=\"_blank\"><span class=\"quickshare-reddit\">Reddit<\/span><\/a><\/li>\t\t<li><a href=\"http:\/\/stumbleupon.com\/submit?url=http%3A%2F%2Fwww.jaideresbell.com.br%2Fsite%2Fprojeto-itinerante%2F&amp;title=Projeto+Itinerante+<+JAIDER+ESBELL\" target=\"_blank\" title=\"Share on StumbleUpon\"><span class=\"quickshare-stumbleupon\">Stumble Upon<\/span><\/a><\/li>\t\t\t<\/ul>\r\n\t<\/div>\r\n","protected":false},"excerpt":{"rendered":"<p>ITINER\u00c2NCIA RORAIMA \u2013 ARTE E VIDA, UMA JORNADA AO BRASIL DE CASA EM CASA. CONTATO, COMUNICA\u00c7\u00c3O, ARTE E CULTURA IND\u00cdGENA DA AMAZ\u00d4NIA EM MOVIMENTO. ARTISTA \u2013 JAIDER ESBELL \u2013 \u00edndio makuxi de Roraima OBJETIVOS GERAIS Cria\u00e7\u00e3o e ocupa\u00e7\u00e3o de espa\u00e7os com forma\u00e7\u00e3o de plateia, debates em viv\u00eancias \u2013 o local no global, transtemas e a [&hellip;]<\/p>\n","protected":false},"author":1,"featured_media":0,"parent":0,"menu_order":0,"comment_status":"closed","ping_status":"closed","template":"","meta":{"sfsi_plus_gutenberg_text_before_share":"","sfsi_plus_gutenberg_show_text_before_share":"","sfsi_plus_gutenberg_icon_type":"","sfsi_plus_gutenberg_icon_alignemt":"","sfsi_plus_gutenburg_max_per_row":"","footnotes":""},"_links":{"self":[{"href":"http:\/\/www.jaideresbell.com.br\/site\/wp-json\/wp\/v2\/pages\/58"}],"collection":[{"href":"http:\/\/www.jaideresbell.com.br\/site\/wp-json\/wp\/v2\/pages"}],"about":[{"href":"http:\/\/www.jaideresbell.com.br\/site\/wp-json\/wp\/v2\/types\/page"}],"author":[{"embeddable":true,"href":"http:\/\/www.jaideresbell.com.br\/site\/wp-json\/wp\/v2\/users\/1"}],"replies":[{"embeddable":true,"href":"http:\/\/www.jaideresbell.com.br\/site\/wp-json\/wp\/v2\/comments?post=58"}],"version-history":[{"count":3,"href":"http:\/\/www.jaideresbell.com.br\/site\/wp-json\/wp\/v2\/pages\/58\/revisions"}],"predecessor-version":[{"id":156,"href":"http:\/\/www.jaideresbell.com.br\/site\/wp-json\/wp\/v2\/pages\/58\/revisions\/156"}],"wp:attachment":[{"href":"http:\/\/www.jaideresbell.com.br\/site\/wp-json\/wp\/v2\/media?parent=58"}],"curies":[{"name":"wp","href":"https:\/\/api.w.org\/{rel}","templated":true}]}}