{"id":95,"date":"2016-05-17T17:21:59","date_gmt":"2016-05-17T20:21:59","guid":{"rendered":"http:\/\/www.jaideresbell.com.br\/site\/?page_id=95"},"modified":"2016-05-17T17:23:41","modified_gmt":"2016-05-17T20:23:41","slug":"videos-02","status":"publish","type":"page","link":"http:\/\/www.jaideresbell.com.br\/site\/videos-02\/","title":{"rendered":"V\u00eddeos 02"},"content":{"rendered":"<p>Circuito Galeria Artista de Pl\u00e1stico PGM 02<\/p>\n<p><iframe loading=\"lazy\" width=\"500\" height=\"281\" src=\"https:\/\/www.youtube.com\/embed\/ewexM350xuE?feature=oembed\" frameborder=\"0\" allowfullscreen><\/iframe><\/p>\n<p>&nbsp;<\/p>\n<hr \/>\n<p>Filme mostra a ideia e a estrutura f\u00edsica da Galeria Jaider Esbell de Arte Ind\u00edgena Contempor\u00e2nea, localizada no bairro Paraviana, cidade Boa Vista-RR.<\/p>\n<p><iframe loading=\"lazy\" width=\"500\" height=\"281\" src=\"https:\/\/www.youtube.com\/embed\/luPlglBD7RE?feature=oembed\" frameborder=\"0\" allowfullscreen><\/iframe><\/p>\n<p>&nbsp;<\/p>\n<hr \/>\n<p>Mat\u00e9ria jornal\u00edstica registra a visita do artista Jaider Esbell, dos fot\u00f3grafos Jorge Mac\u00eado, Marcelo Camacho e o cinegrafista Pedro Alencar \u00e0 comunidade ind\u00edgena de Sikamabiu &#8211; Povo Xirixana, territ\u00f3rio Yanomami, em 2013. Arte ind\u00edgena, contatos e itiner\u00e2ncias culturais.<\/p>\n<p><iframe loading=\"lazy\" width=\"500\" height=\"375\" src=\"https:\/\/www.youtube.com\/embed\/6WAWExHhP6w?feature=oembed\" frameborder=\"0\" allowfullscreen><\/iframe><\/p>\n<p>&nbsp;<\/p>\n\t<div class=\"quickshare-container\">\r\n\t<ul class=\"quickshare-genericons monochrome quickshare-effect-spin quickshare-effect-expand\">\r\n\t\t<li class=\"quickshare-share\">Compartilhe:<\/li> \r\n\t\t<li><a href=\"https:\/\/facebook.com\/sharer.php?u=http%3A%2F%2Fwww.jaideresbell.com.br%2Fsite%2Fvideos-02%2F&amp;t=V%C3%ADdeos+02+<+JAIDER+ESBELL\" target=\"_blank\" title=\"Share on Facebook\"><span class=\"quickshare-facebook\">Facebook<\/span><\/a><\/li>\t\t<li><a href=\"https:\/\/twitter.com\/intent\/tweet?url=http%3A%2F%2Fwww.jaideresbell.com.br%2Fsite%2Fvideos-02%2F&amp;text=V%C3%ADdeos+02+<+JAIDER+ESBELL\" target=\"_blank\" title=\"Share on Twitter\"><span class=\"quickshare-twitter\">Twitter<\/span><\/a><\/li>\t\t\t\t<li><a href=\"http:\/\/linkedin.com\/shareArticle?mini=true&amp;url=http%3A%2F%2Fwww.jaideresbell.com.br%2Fsite%2Fvideos-02%2F&amp;title=V%C3%ADdeos+02&amp;source=JAIDER+ESBELL&amp;summary=Circuito+Galeria+Artista+de+Pl%C3%A1stico+PGM+02+https%3A%2F%2Fyoutu.be%2FewexM350xuE+%26nbsp%3B+Filme+mostra+a+ideia+e+a+estrutura+f%C3%ADsica+da+Galeria+Jaider+Esbell+de+Arte+Ind%C3%ADgena+Contempor%C3%A2nea%2C+localizada+no+bairro+Paraviana%2C+cidade+Boa+Vista-RR.+https%3A%2F%2Fyoutu.be%2FluPlglBD7RE+%26nbsp%3B+Mat%C3%A9ria+jornal%C3%ADstica+registra+a+visita+do%26hellip%3B\" title=\"Share on Linkedin\" target=\"_blank\"><span class=\"quickshare-linkedin\">Linkedin<\/span><\/a><\/li>\t\t<li><a href=\"https:\/\/plus.google.com\/share?url=http%3A%2F%2Fwww.jaideresbell.com.br%2Fsite%2Fvideos-02%2F\" target=\"_blank\" title=\"Share on Google+\"><span class=\"quickshare-googleplus\">Google+<\/span><\/a><\/li>\t\t<li><a href=\"http:\/\/tumblr.com\/share\/link?url=http%3A%2F%2Fwww.jaideresbell.com.br%2Fsite%2Fvideos-02%2F&amp;name=V%C3%ADdeos+02+<+JAIDER+ESBELL&amp;description=Circuito+Galeria+Artista+de+Pl%C3%A1stico+PGM+02+https%3A%2F%2Fyoutu.be%2FewexM350xuE+%26nbsp%3B+Filme+mostra+a+ideia+e+a+estrutura+f%C3%ADsica+da+Galeria+Jaider+Esbell+de+Arte+Ind%C3%ADgena+Contempor%C3%A2nea%2C+localizada+no+bairro+Paraviana%2C+cidade+Boa+Vista-RR.+https%3A%2F%2Fyoutu.be%2FluPlglBD7RE+%26nbsp%3B+Mat%C3%A9ria+jornal%C3%ADstica+registra+a+visita+do%26hellip%3B\" title=\"Share on Tumblr\" target=\"_blank\"><span class=\"quickshare-tumblr\">Tumblr<\/span><\/a><\/li>\t\t<li><a href=\"http:\/\/reddit.com\/submit?url=http%3A%2F%2Fwww.jaideresbell.com.br%2Fsite%2Fvideos-02%2F&amp;title=V%C3%ADdeos+02+<+JAIDER+ESBELL\" title=\"Submit to Reddit\" target=\"_blank\"><span class=\"quickshare-reddit\">Reddit<\/span><\/a><\/li>\t\t<li><a href=\"http:\/\/stumbleupon.com\/submit?url=http%3A%2F%2Fwww.jaideresbell.com.br%2Fsite%2Fvideos-02%2F&amp;title=V%C3%ADdeos+02+<+JAIDER+ESBELL\" target=\"_blank\" title=\"Share on StumbleUpon\"><span class=\"quickshare-stumbleupon\">Stumble Upon<\/span><\/a><\/li>\t\t\t<\/ul>\r\n\t<\/div>\r\n","protected":false},"excerpt":{"rendered":"<p>Circuito Galeria Artista de Pl\u00e1stico PGM 02 &nbsp; Filme mostra a ideia e a estrutura f\u00edsica da Galeria Jaider Esbell de Arte Ind\u00edgena Contempor\u00e2nea, localizada no bairro Paraviana, cidade Boa Vista-RR. &nbsp; Mat\u00e9ria jornal\u00edstica registra a visita do artista Jaider Esbell, dos fot\u00f3grafos Jorge Mac\u00eado, Marcelo Camacho e o cinegrafista Pedro Alencar \u00e0 comunidade ind\u00edgena [&hellip;]<\/p>\n","protected":false},"author":1,"featured_media":0,"parent":0,"menu_order":0,"comment_status":"closed","ping_status":"closed","template":"","meta":{"sfsi_plus_gutenberg_text_before_share":"","sfsi_plus_gutenberg_show_text_before_share":"","sfsi_plus_gutenberg_icon_type":"","sfsi_plus_gutenberg_icon_alignemt":"","sfsi_plus_gutenburg_max_per_row":"","footnotes":""},"_links":{"self":[{"href":"http:\/\/www.jaideresbell.com.br\/site\/wp-json\/wp\/v2\/pages\/95"}],"collection":[{"href":"http:\/\/www.jaideresbell.com.br\/site\/wp-json\/wp\/v2\/pages"}],"about":[{"href":"http:\/\/www.jaideresbell.com.br\/site\/wp-json\/wp\/v2\/types\/page"}],"author":[{"embeddable":true,"href":"http:\/\/www.jaideresbell.com.br\/site\/wp-json\/wp\/v2\/users\/1"}],"replies":[{"embeddable":true,"href":"http:\/\/www.jaideresbell.com.br\/site\/wp-json\/wp\/v2\/comments?post=95"}],"version-history":[{"count":1,"href":"http:\/\/www.jaideresbell.com.br\/site\/wp-json\/wp\/v2\/pages\/95\/revisions"}],"predecessor-version":[{"id":96,"href":"http:\/\/www.jaideresbell.com.br\/site\/wp-json\/wp\/v2\/pages\/95\/revisions\/96"}],"wp:attachment":[{"href":"http:\/\/www.jaideresbell.com.br\/site\/wp-json\/wp\/v2\/media?parent=95"}],"curies":[{"name":"wp","href":"https:\/\/api.w.org\/{rel}","templated":true}]}}